{"id":46,"date":"2021-11-09T13:04:58","date_gmt":"2021-11-09T13:04:58","guid":{"rendered":"https:\/\/www.barentspress.org\/sverige\/?page_id=46"},"modified":"2026-04-22T00:34:31","modified_gmt":"2026-04-22T00:34:31","slug":"om","status":"publish","type":"page","link":"https:\/\/www.barentspress.org\/sverige\/om\/","title":{"rendered":"Om oss"},"content":{"rendered":"\n<div class=\"wp-block-media-text alignwide is-stacked-on-mobile is-style-twentytwentyone-border\"><figure class=\"wp-block-media-text__media\"><img loading=\"lazy\" decoding=\"async\" width=\"1024\" height=\"1024\" src=\"http:\/\/www.barentspress.org\/sverige\/wp-content\/uploads\/sites\/6\/2021\/11\/Nylogga-1024x1024.jpg\" alt=\"\" class=\"wp-image-21 size-full\" srcset=\"https:\/\/www.barentspress.org\/sverige\/wp-content\/uploads\/sites\/6\/2021\/11\/Nylogga-1024x1024.jpg 1024w, https:\/\/www.barentspress.org\/sverige\/wp-content\/uploads\/sites\/6\/2021\/11\/Nylogga-300x300.jpg 300w, https:\/\/www.barentspress.org\/sverige\/wp-content\/uploads\/sites\/6\/2021\/11\/Nylogga-150x150.jpg 150w, https:\/\/www.barentspress.org\/sverige\/wp-content\/uploads\/sites\/6\/2021\/11\/Nylogga-768x768.jpg 768w, https:\/\/www.barentspress.org\/sverige\/wp-content\/uploads\/sites\/6\/2021\/11\/Nylogga.jpg 1500w\" sizes=\"auto, (max-width: 1024px) 100vw, 1024px\" \/><\/figure><div class=\"wp-block-media-text__content\">\n<h2 class=\"wp-block-heading\">Barents Press Sverige<\/h2>\n\n\n\n<p>Journalistf\u00f6reningen Barents Press Sverige grundades 1994 i samband med Sovjetunionens fall. Svenska, finska och norska journalister m\u00f6ttes i det d\u00e5 ny\u00f6ppnade Ryssland och bildade ett nyskapande, arbetsn\u00e4ra kontaktn\u00e4t. Genom \u00e5ren har organisationen utvecklats och idag arbetar Barents Press Sverige framf\u00f6r allt med projekt \u00e4mnade att st\u00e4rka journalistiken i Barentsregionen. Det g\u00f6r vi fr\u00e4mst genom att skapa kontakter mellan journalister i Sverige, Norge och Finland, liksom ryska journalister i exil.<br><br>Barents Press Sverige \u00e4r en ideell f\u00f6rening d\u00e4r alla medlemmar \u00e4r journalister, journalistseniorer eller studerande. Vi v\u00e4lkomnar medlemmar fr\u00e5n hela Sverige.<br><br>Vi finansieras i huvudsak via bidrag fr\u00e5n myndigheter och stiftelser.<\/p>\n<\/div><\/div>\n\n\n\n<h2 class=\"wp-block-heading\">Styrelsen<\/h2>\n\n\n\n<h3 class=\"wp-block-heading\">Barents Press Sveriges styrelse 2026<br><\/h3>\n\n\n\n<p><strong>Katarina Lindqvist, ordf\u00f6rande<\/strong><br>Skribent, \u00f6vers\u00e4ttare, redakt\u00f6r<br>Stockholm<\/p>\n\n\n\n<p><strong>Erik Norberg, vice ordf\u00f6rande<\/strong><br>Journalist<br>Stockholm<\/p>\n\n\n\n<p><strong>Erland Segerstedt, kass\u00f6r<\/strong>, <strong>sekreterare och medlemsansvarig<\/strong><br>Frilansande fotograf<br>Skellefte\u00e5<\/p>\n\n\n\n<p><strong>Karl-Johan Glas, ledamot<\/strong><br>Journalist<br>Vindeln<\/p>\n\n\n\n<p><strong>Karin Sj\u00f6berg, ledamot<\/strong><br>Frilansande journalist<br>Lule\u00e5<\/p>\n\n\n\n<p><strong>Eva Marie Svensson<\/strong>, ledamot<br>Journalist<br>Lule\u00e5<\/p>\n\n\n\n<p><strong>Arne M\u00fcller, suppleant<\/strong><br>Journalist, f\u00f6rfattare<br>Ume\u00e5<br><br><\/p>\n\n\n\n<hr class=\"wp-block-separator has-css-opacity\"\/>\n\n\n\n<h2 class=\"wp-block-heading\">M\u00e5l<\/h2>\n\n\n\n<h3 class=\"wp-block-heading\">V\u00e5r m\u00e5ls\u00e4ttning ur v\u00e5ra stadgar<\/h3>\n\n\n\n<h3 class=\"wp-block-heading\">\u00a72. F\u00f6reningen har till \u00e4ndam\u00e5l:<\/h3>\n\n\n\n<figure class=\"wp-block-image\" id=\"yui_3_17_2_1_1637058449862_110\"><img decoding=\"async\" src=\"https:\/\/images.squarespace-cdn.com\/content\/v1\/5973071e2e69cf20a272c83f\/1585126231823-9NP8R41V5LOSFA3KMGF7\/Ryska+journalister+sunpine.jpg?format=300w\" alt=\"Foto Tim Andersson Rask\"\/><figcaption class=\"wp-element-caption\">Foto Tim Andersson Rask<\/figcaption><\/figure>\n\n\n\n<h3 class=\"wp-block-heading\">-att fr\u00e4mja och v\u00e4rna yttrande- och tryckfriheten<\/h3>\n\n\n\n<p>Yttrande- och tryckfriheten \u00e4r onekbara delar av ett fritt, demokratiskt samh\u00e4lle.<\/p>\n\n\n\n<figure class=\"wp-block-image\" id=\"yui_3_17_2_1_1637058449862_131\"><img decoding=\"async\" src=\"https:\/\/images.squarespace-cdn.com\/content\/v1\/5973071e2e69cf20a272c83f\/1585125945025-U6QDB5XV9NJWVNZZGDTK\/Pride_Ume%C3%A5.JPG?format=300w\" alt=\"Foto: Tim Andersson Rask\"\/><figcaption class=\"wp-element-caption\">Foto: Tim Andersson Rask<\/figcaption><\/figure>\n\n\n\n<h3 class=\"wp-block-heading\">-att fr\u00e4mja samarbetet och f\u00f6rst\u00e5elsen mellan journalister i Barentsregionen.<\/h3>\n\n\n\n<p>Vi tror att det beh\u00f6vs mer gr\u00e4ns\u00f6verskridande journalistik, mer samarbeten \u00f6ver nationsgr\u00e4nserna, inte mindre.<\/p>\n\n\n\n<figure class=\"wp-block-image\" id=\"yui_3_17_2_1_1637058449862_151\"><img decoding=\"async\" src=\"https:\/\/images.squarespace-cdn.com\/content\/v1\/5973071e2e69cf20a272c83f\/1585126067264-HAC4XFC9G8GPGRABG2TG\/ryssland.jpg?format=300w\" alt=\"Foto: Tim Andersson Rask\"\/><figcaption class=\"wp-element-caption\">Foto: Tim Andersson Rask<\/figcaption><\/figure>\n\n\n\n<h3 class=\"wp-block-heading\">-att ordna seminarier och utbyten f\u00f6r journalister som arbetar i Barentsregionen<br><br>&amp;<br><br>-att verka f\u00f6r utbildningar och studieresor f\u00f6r journalister i Barentsregionen<\/h3>\n\n\n\n<p>Vi ser omv\u00e4rldskunskap som viktig fortbildning f\u00f6r alla journalister, vilka \u00e4r v\u00e5ra grannl\u00e4nder, vilka fr\u00e5gor \u00e4r viktiga ur ett lokalt och regionalt perspektiv?<\/p>\n\n\n\n<hr class=\"wp-block-separator has-css-opacity\"\/>\n\n\n\n<h2 class=\"wp-block-heading\">Resultat<\/h2>\n\n\n\n<figure class=\"wp-block-pullquote\"><blockquote><p>Seri\u00f6st och l\u00e5ngsiktig arbete f\u00f6r att knyta kontakter mellan journalister i Barents omr\u00e5det. Ett viktigt arbete f\u00f6r det fria ordet och den granskande journalistiken.<\/p><cite>Svensk deltagare<\/cite><\/blockquote><\/figure>\n\n\n\n<blockquote class=\"wp-block-quote has-text-align-right is-layout-flow wp-block-quote-is-layout-flow\">\n<p>Det \u00e4r fantastiskt att Barents Press organiserar seminarier om \u00e4mnen som \u00e4r intressanta f\u00f6r b\u00e5da sidor, v\u00e4cker gemensamma problem f\u00f6r b\u00e5da sidor och visar hur man l\u00f6ser dem, hj\u00e4lper till att hitta partners, v\u00e4cker s\u00f6mnen och st\u00f6der dem som g\u00e5r fram\u00e5t.<\/p>\n<cite>Rysk deltagare<\/cite><\/blockquote>\n\n\n\n<blockquote class=\"wp-block-quote has-text-align-left is-layout-flow wp-block-quote-is-layout-flow\">\n<p>En ambiti\u00f6s och intressant verksamhet med kunniga och sympatiska medarbetare.<\/p>\n<cite>Svensk deltagare<\/cite><\/blockquote>\n\n\n\n<p><\/p>\n\n\n\n<p><\/p>\n","protected":false},"excerpt":{"rendered":"<p>Barents Press Sverige Journalistf\u00f6reningen Barents Press Sverige grundades 1994 i samband med Sovjetunionens fall. Svenska, finska och norska journalister m\u00f6ttes i det d\u00e5 ny\u00f6ppnade Ryssland och bildade ett nyskapande, arbetsn\u00e4ra kontaktn\u00e4t. Genom \u00e5ren har organisationen utvecklats och idag arbetar Barents Press Sverige framf\u00f6r allt med projekt \u00e4mnade att st\u00e4rka journalistiken i Barentsregionen. Det g\u00f6r vi&hellip;&nbsp;<\/p>\n","protected":false},"author":1,"featured_media":773,"parent":0,"menu_order":0,"comment_status":"closed","ping_status":"closed","template":"","meta":{"neve_meta_sidebar":"full-width","neve_meta_container":"","neve_meta_enable_content_width":"","neve_meta_content_width":70,"neve_meta_title_alignment":"","neve_meta_author_avatar":"","neve_post_elements_order":"","neve_meta_disable_header":"","neve_meta_disable_footer":"","neve_meta_disable_title":"","footnotes":""},"class_list":["post-46","page","type-page","status-publish","has-post-thumbnail","hentry"],"_links":{"self":[{"href":"https:\/\/www.barentspress.org\/sverige\/wp-json\/wp\/v2\/pages\/46","targetHints":{"allow":["GET"]}}],"collection":[{"href":"https:\/\/www.barentspress.org\/sverige\/wp-json\/wp\/v2\/pages"}],"about":[{"href":"https:\/\/www.barentspress.org\/sverige\/wp-json\/wp\/v2\/types\/page"}],"author":[{"embeddable":true,"href":"https:\/\/www.barentspress.org\/sverige\/wp-json\/wp\/v2\/users\/1"}],"replies":[{"embeddable":true,"href":"https:\/\/www.barentspress.org\/sverige\/wp-json\/wp\/v2\/comments?post=46"}],"version-history":[{"count":25,"href":"https:\/\/www.barentspress.org\/sverige\/wp-json\/wp\/v2\/pages\/46\/revisions"}],"predecessor-version":[{"id":789,"href":"https:\/\/www.barentspress.org\/sverige\/wp-json\/wp\/v2\/pages\/46\/revisions\/789"}],"wp:featuredmedia":[{"embeddable":true,"href":"https:\/\/www.barentspress.org\/sverige\/wp-json\/wp\/v2\/media\/773"}],"wp:attachment":[{"href":"https:\/\/www.barentspress.org\/sverige\/wp-json\/wp\/v2\/media?parent=46"}],"curies":[{"name":"wp","href":"https:\/\/api.w.org\/{rel}","templated":true}]}}

<div class="wp-block-media-text alignwide is-stacked-on-mobile is-style-twentytwentyone-border"><figure class="wp-block-media-text__media"><img loading="lazy" decoding="async" width="1024" height="1024" src="http://www.barentspress.org/sverige/wp-content/uploads/sites/6/2021/11/Nylogga-1024x1024.jpg" alt="" class="wp-image-21 size-full" srcset="https://www.barentspress.org/sverige/wp-content/uploads/sites/6/2021/11/Nylogga-1024x1024.jpg 1024w, https://www.barentspress.org/sverige/wp-content/uploads/sites/6/2021/11/Nylogga-300x300.jpg 300w, https://www.barentspress.org/sverige/wp-content/uploads/sites/6/2021/11/Nylogga-150x150.jpg 150w, https://www.barentspress.org/sverige/wp-content/uploads/sites/6/2021/11/Nylogga-768x768.jpg 768w, https://www.barentspress.org/sverige/wp-content/uploads/sites/6/2021/11/Nylogga.jpg 1500w" sizes="auto, (max-width: 1024px) 100vw, 1024px" /></figure><div class="wp-block-media-text__content">
<h2 class="wp-block-heading">Barents Press Sverige</h2>



<p>Journalistföreningen Barents Press Sverige grundades 1994 i samband med Sovjetunionens fall. Svenska, finska och norska journalister möttes i det då nyöppnade Ryssland och bildade ett nyskapande, arbetsnära kontaktnät. Genom åren har organisationen utvecklats och idag arbetar Barents Press Sverige framför allt med projekt ämnade att stärka journalistiken i Barentsregionen. Det gör vi främst genom att skapa kontakter mellan journalister i Sverige, Norge och Finland, liksom ryska journalister i exil.<br><br>Barents Press Sverige är en ideell förening där alla medlemmar är journalister, journalistseniorer eller studerande. Vi välkomnar medlemmar från hela Sverige.<br><br>Vi finansieras i huvudsak via bidrag från myndigheter och stiftelser.</p>
</div></div>



<h2 class="wp-block-heading">Styrelsen</h2>



<h3 class="wp-block-heading">Barents Press Sveriges styrelse 2026<br></h3>



<p><strong>Katarina Lindqvist, ordförande</strong><br>Skribent, översättare, redaktör<br>Stockholm</p>



<p><strong>Erik Norberg, vice ordförande</strong><br>Journalist<br>Stockholm</p>



<p><strong>Erland Segerstedt, kassör</strong>, <strong>sekreterare och medlemsansvarig</strong><br>Frilansande fotograf<br>Skellefteå</p>



<p><strong>Karl-Johan Glas, ledamot</strong><br>Journalist<br>Vindeln</p>



<p><strong>Karin Sjöberg, ledamot</strong><br>Frilansande journalist<br>Luleå</p>



<p><strong>Eva Marie Svensson</strong>, ledamot<br>Journalist<br>Luleå</p>



<p><strong>Arne Müller, suppleant</strong><br>Journalist, författare<br>Umeå<br><br></p>



<hr class="wp-block-separator has-css-opacity"/>



<h2 class="wp-block-heading">Mål</h2>



<h3 class="wp-block-heading">Vår målsättning ur våra stadgar</h3>



<h3 class="wp-block-heading">§2. Föreningen har till ändamål:</h3>



<figure class="wp-block-image" id="yui_3_17_2_1_1637058449862_110"><img decoding="async" src="https://images.squarespace-cdn.com/content/v1/5973071e2e69cf20a272c83f/1585126231823-9NP8R41V5LOSFA3KMGF7/Ryska+journalister+sunpine.jpg?format=300w" alt="Foto Tim Andersson Rask"/><figcaption class="wp-element-caption">Foto Tim Andersson Rask</figcaption></figure>



<h3 class="wp-block-heading">-att främja och värna yttrande- och tryckfriheten</h3>



<p>Yttrande- och tryckfriheten är onekbara delar av ett fritt, demokratiskt samhälle.</p>



<figure class="wp-block-image" id="yui_3_17_2_1_1637058449862_131"><img decoding="async" src="https://images.squarespace-cdn.com/content/v1/5973071e2e69cf20a272c83f/1585125945025-U6QDB5XV9NJWVNZZGDTK/Pride_Ume%C3%A5.JPG?format=300w" alt="Foto: Tim Andersson Rask"/><figcaption class="wp-element-caption">Foto: Tim Andersson Rask</figcaption></figure>



<h3 class="wp-block-heading">-att främja samarbetet och förståelsen mellan journalister i Barentsregionen.</h3>



<p>Vi tror att det behövs mer gränsöverskridande journalistik, mer samarbeten över nationsgränserna, inte mindre.</p>



<figure class="wp-block-image" id="yui_3_17_2_1_1637058449862_151"><img decoding="async" src="https://images.squarespace-cdn.com/content/v1/5973071e2e69cf20a272c83f/1585126067264-HAC4XFC9G8GPGRABG2TG/ryssland.jpg?format=300w" alt="Foto: Tim Andersson Rask"/><figcaption class="wp-element-caption">Foto: Tim Andersson Rask</figcaption></figure>



<h3 class="wp-block-heading">-att ordna seminarier och utbyten för journalister som arbetar i Barentsregionen<br><br>&amp;<br><br>-att verka för utbildningar och studieresor för journalister i Barentsregionen</h3>



<p>Vi ser omvärldskunskap som viktig fortbildning för alla journalister, vilka är våra grannländer, vilka frågor är viktiga ur ett lokalt och regionalt perspektiv?</p>



<hr class="wp-block-separator has-css-opacity"/>



<h2 class="wp-block-heading">Resultat</h2>



<figure class="wp-block-pullquote"><blockquote><p>Seriöst och långsiktig arbete för att knyta kontakter mellan journalister i Barents området. Ett viktigt arbete för det fria ordet och den granskande journalistiken.</p><cite>Svensk deltagare</cite></blockquote></figure>



<blockquote class="wp-block-quote has-text-align-right is-layout-flow wp-block-quote-is-layout-flow">
<p>Det är fantastiskt att Barents Press organiserar seminarier om ämnen som är intressanta för båda sidor, väcker gemensamma problem för båda sidor och visar hur man löser dem, hjälper till att hitta partners, väcker sömnen och stöder dem som går framåt.</p>
<cite>Rysk deltagare</cite></blockquote>



<blockquote class="wp-block-quote has-text-align-left is-layout-flow wp-block-quote-is-layout-flow">
<p>En ambitiös och intressant verksamhet med kunniga och sympatiska medarbetare.</p>
<cite>Svensk deltagare</cite></blockquote>



<p></p>



<p></p>

<p>Barents Press Sverige Journalistföreningen Barents Press Sverige grundades 1994 i samband med Sovjetunionens fall. Svenska, finska och norska journalister möttes i det då nyöppnade Ryssland och bildade ett nyskapande, arbetsnära kontaktnät. Genom åren har organisationen utvecklats och idag arbetar Barents Press Sverige framför allt med projekt ämnade att stärka journalistiken i Barentsregionen. Det gör vi&hellip;&nbsp;</p>
